2 and 1524.
12
What is the greatest common divisor of 2816 and 23040?
256
What is the highest common divisor of 221008 and 8?
8
What is the highest common factor of 1544 and 2104?
8
What is the highest common divisor of 228 and 722?
38
What is the greatest common divisor of 35234 and 316?
158
What is the greatest common factor of 1266 and 49163?
211
Calculate the greatest common factor of 100 and 36240.
20
What is the highest common divisor of 523225 and 200?
25
Calculate the highest common divisor of 3840 and 34880.
320
What is the highest common divisor of 174 and 13088280?
174
What is the highest common divisor of 181013 and 931?
133
Calculate the highest common divisor of 144 and 84519.
9
What is the highest common divisor of 2338731 and 1431?
477
What is the greatest common factor of 380 and 1009964?
76
Calculate the greatest common factor of 704837 and 21.
7
What is the greatest common factor of 1699188 and 258?
258
Calculate the greatest common factor of 134073 and 45.
9
What is the highest common factor of 26695 and 1311?
19
Calculate the highest common factor of 14547 and 74227.
373
What is the greatest common factor of 1848 and 7777?
77
Calculate the greatest common factor of 303479 and 11.
11
Calculate the highest common factor of 552 and 7548.
12
What is the highest common factor of 11122 and 804?
134
What is the greatest common factor of 308 and 19921?
11
Calculate the greatest common factor of 486 and 151308.
162
What is the greatest common factor of 45 and 10323?
9
Calculate the highest common divisor of 681 and 126439.
227
Calculate the greatest common factor of 1192 and 445212.
596
Calculate the greatest common factor of 3720 and 281976.
744
Calculate the highest common factor of 220 and 53460.
220
What is the highest common factor of 667 and 6831?
23
What is the greatest common divisor of 340 and 318410?
170
What is the highest common divisor of 2631 and 9?
3
What is the greatest common factor of 12 and 180524?
4
Calculate the greatest common divisor of 103328 and 32.
32
What is the greatest common divisor of 4598 and 152?
38
Calculate the highest common factor of 19359 and 119739.
717
What is the greatest common factor of 12240 and 2440?
40
What is the greatest common divisor of 924 and 19348?
28
What is the greatest common divisor of 1184 and 62?
2
What is the highest common divisor of 5445 and 6705?
45
What is the highest common divisor of 1022 and 574?
14
What is the greatest common factor of 3066 and 188286?
42
What is the highest common divisor of 21469 and 14?
7
Calculate the highest common divisor of 25353 and 3443.
313
Calculate the highest common divisor of 744 and 2139.
93
What is the highest common factor of 186 and 200198?
62
What is the greatest common divisor of 384405 and 30?
15
Calculate the highest common factor of 112 and 54512.
16
Calculate the highest common divisor of 267897 and 42.
21
What is the highest common factor of 1659 and 42660?
237
What is the highest common divisor of 424 and 7403676?
212
Calculate the greatest common factor of 3616223 and 34.
17
What is the highest common divisor of 30 and 131280?
30
What is the greatest common divisor of 1916 and 86699?
479
What is the highest common divisor of 10200 and 3000?
600
Calculate the greatest common factor of 59076 and 594.
54
Calculate the highest common factor of 16 and 7468.
4
Calculate the greatest common divisor of 18245 and 5330.
205
What is the highest common factor of 30 and 883128?
6
What is the greatest common divisor of 500 and 7180?
20
Calculate the highest common divisor of 30775 and 50.
25
What is the highest common divisor of 364116 and 12?
12
Calculate the greatest common factor of 176793 and 62.
31
Calculate the highest common factor of 25310 and 20.
10
What is the highest common divisor of 3222 and 1124120?
358
Calculate the highest common factor of 67 and 807283.
67
Calculate the greatest common factor of 140 and 355.
5
Calculate the greatest common divisor of 3439245 and 5.
5
What is the greatest common divisor of 28760 and 80?
40
What is the highest common factor of 1158 and 3315354?
1158
Calculate the greatest common factor of 24 and 140136.
24
Calculate the greatest common factor of 24 and 60744.
24
What is the highest common factor of 352 and 416?
32
Calculate the highest common factor of 1352 and 79040.
104
What is the greatest common divisor of 11805 and 180?
15
What is the highest common divisor of 199 and 136116?
199
What is the greatest common factor of 4232 and 28?
4
What is the greatest common divisor of 981332 and 4?
4
What is the highest common divisor of 105060 and 1360?
340
Calculate the greatest common factor of 72 and 398992.
8
What is the highest common divisor of 663 and 1716?
39
What is the greatest common factor of 65 and 68120?
65
What is the greatest common divisor of 3352 and 152?
8
What is the greatest common divisor of 1571250 and 250?
250
What is the greatest common factor of 577003 and 2821?
217
What is the greatest common factor of 155652 and 322?
14
Calculate the greatest common divisor of 67 and 83683.
67
Calculate the greatest common factor of 91599 and 228.
57
What is the highest common divisor of 582000 and 1125?
375
Calculate the greatest common factor of 100 and 44.
4
What is the greatest common divisor of 2343679 and 417?
139
What is the greatest common divisor of 59 and 22445252?
59
What is the greatest common factor of 29670 and 5750?
230
Calculate the highest common factor of 254 and 8370.
2
What is the highest common divisor of 66 and 87692?
22
Calculate the greatest common divisor of 46 and 994.
2
Calculate the greatest common factor of 293 and 234693.
293
What is the greatest common divisor of 316 and 2449?
79
What is the greatest common divisor of 406 and 2282?
14
Calculate the highest common divisor of 5221 and 92843.
227
What is the greatest common divisor of 18895 and 15?
5
Calculate the greatest common factor of 1589 and 186821.
227
Calculate the greatest common divisor of 44 and 1474.
22
Calculate the highest common divisor of 231959 and 91.
91
Calculate the greatest common divisor of 1128 and 17672.
376
What is the greatest common divisor of 4958 and 222?
74
What is the highest common divisor of 17 and 2036855?
17
Calculate the greatest common divisor of 5416 and 248.
8
What is the highest common divisor of 2562 and 44164?
122
Calculate the greatest common factor of 7294 and 90133.
521
What is the greatest common divisor of 151410 and 168?
42
What is the greatest common divisor of 16 and 35512?
8
What is the highest common divisor of 4 and 8366?
2
Calculate the highest common divisor of 38 and 1509626.
38
Calculate the greatest common factor of 292 and 34091.
73
What is the highest common factor of 120 and 17805?
15
Calculate the highest common divisor of 23552 and 414.
46
What is the greatest common factor of 48 and 109896?
24
What is the greatest common divisor of 92 and 41722?
46
What is the highest common factor of 598 and 3913?
13
Calculate the greatest common divisor of 440 and 69740.
220
Calculate the highest common divisor of 13671 and 18.
9
What is the highest common divisor of 198 and 209660?
22
Calculate the highest common divisor of 522 and 418122.
522
What is the highest common divisor of 57 and 749284?
19
Calculate the highest common factor of 192 and 161152.
64
What is the highest common factor of 186 and 2202?
6
What is the highest common factor of 405444 and 4181?
113
What is the highest common divisor of 254 and 249682?
254
What is the highest common divisor of 7684 and 4284?
68
What is the greatest common divisor of 2205 and 63000?
315
What is the greatest common factor of 4836 and 45708?
156
What is the highest common divisor of 26 and 178334?
26
What is the highest common divisor of 46003 and 895?
179
What is the highest common factor of 159 and 667217?
53
What is the greatest common factor of 9826 and 170?
34
What is the highest common divisor of 450 and 1242?
18
What is the greatest common factor of 9980 and 220?
20
Calculate the greatest common divisor of 3219 and 62049.
111
Calculate the greatest common divisor of 87168 and 11280.
48
What is the greatest common divisor of 200 and 514000?
200
Calculate the greatest common factor of 8379 and 76.
19
Ca